[INFO] fetching crate unique-type 0.1.0...
[INFO] checking unique-type-0.1.0 against master#e6e4f7ed1589e03bc2f6c5931c1a72e7947e8682 for beta-170-4
[INFO] extracting crate unique-type 0.1.0 into /workspace/builds/worker-4-tc2/source
[INFO] validating manifest of crates.io crate unique-type 0.1.0 on toolchain e6e4f7ed1589e03bc2f6c5931c1a72e7947e8682
[INFO] running `Command { std: CARGO_HOME="/workspace/cargo-home" RUSTUP_HOME="/workspace/rustup-home" "/workspace/cargo-home/bin/cargo" "+e6e4f7ed1589e03bc2f6c5931c1a72e7947e8682" "metadata" "--manifest-path" "Cargo.toml" "--no-deps", kill_on_drop: false }`
[INFO] removed /workspace/builds/worker-4-tc2/source/rust-toolchain.toml
[INFO] started tweaking crates.io crate unique-type 0.1.0
[INFO] finished tweaking crates.io crate unique-type 0.1.0
[INFO] tweaked toml for crates.io crate unique-type 0.1.0 written to /workspace/builds/worker-4-tc2/source/Cargo.toml
[INFO] running `Command { std: CARGO_HOME="/workspace/cargo-home" RUSTUP_HOME="/workspace/rustup-home" __CARGO_TEST_CHANNEL_OVERRIDE_DO_NOT_USE_THIS="nightly" "/workspace/cargo-home/bin/cargo" "+e6e4f7ed1589e03bc2f6c5931c1a72e7947e8682" "generate-lockfile" "--manifest-path" "Cargo.toml" "-Zno-index-update", kill_on_drop: false }`
[INFO] running `Command { std: CARGO_HOME="/workspace/cargo-home" RUSTUP_HOME="/workspace/rustup-home" "/workspace/cargo-home/bin/cargo" "+e6e4f7ed1589e03bc2f6c5931c1a72e7947e8682" "fetch" "--manifest-path" "Cargo.toml", kill_on_drop: false }`
[INFO] running `Command { std: "docker" "create" "-v" "/var/lib/crater-agent-workspace/builds/worker-4-tc2/target:/opt/rustwide/target:rw,Z" "-v" "/var/lib/crater-agent-workspace/builds/worker-4-tc2/source:/opt/rustwide/workdir:ro,Z" "-v" "/var/lib/crater-agent-workspace/cargo-home:/opt/rustwide/cargo-home:ro,Z" "-v" "/var/lib/crater-agent-workspace/rustup-home:/opt/rustwide/rustup-home:ro,Z" "-e" "SOURCE_DIR=/opt/rustwide/workdir" "-e" "CARGO_TARGET_DIR=/opt/rustwide/target" "-e" "CARGO_HOME=/opt/rustwide/cargo-home" "-e" "RUSTUP_HOME=/opt/rustwide/rustup-home" "-w" "/opt/rustwide/workdir" "-m" "1610612736" "--user" "0:0" "--network" "none" "ghcr.io/rust-lang/crates-build-env/linux@sha256:19e73879b68f455e41552ea35293514db52ea292d993f571636dbffedb77a1ee" "/opt/rustwide/cargo-home/bin/cargo" "+e6e4f7ed1589e03bc2f6c5931c1a72e7947e8682" "metadata" "--no-deps" "--format-version=1", kill_on_drop: false }`
[INFO] [stdout] 93063da1ae13e57ca4b363f45e9c9a5089fb39233e1ab98f1347119d49c45318
[INFO] running `Command { std: "docker" "start" "-a" "93063da1ae13e57ca4b363f45e9c9a5089fb39233e1ab98f1347119d49c45318", kill_on_drop: false }`
[INFO] running `Command { std: "docker" "inspect" "93063da1ae13e57ca4b363f45e9c9a5089fb39233e1ab98f1347119d49c45318", kill_on_drop: false }`
[INFO] running `Command { std: "docker" "rm" "-f" "93063da1ae13e57ca4b363f45e9c9a5089fb39233e1ab98f1347119d49c45318", kill_on_drop: false }`
[INFO] [stdout] 93063da1ae13e57ca4b363f45e9c9a5089fb39233e1ab98f1347119d49c45318
[INFO] running `Command { std: "docker" "create" "-v" "/var/lib/crater-agent-workspace/builds/worker-4-tc2/target:/opt/rustwide/target:rw,Z" "-v" "/var/lib/crater-agent-workspace/builds/worker-4-tc2/source:/opt/rustwide/workdir:ro,Z" "-v" "/var/lib/crater-agent-workspace/cargo-home:/opt/rustwide/cargo-home:ro,Z" "-v" "/var/lib/crater-agent-workspace/rustup-home:/opt/rustwide/rustup-home:ro,Z" "-e" "SOURCE_DIR=/opt/rustwide/workdir" "-e" "CARGO_TARGET_DIR=/opt/rustwide/target" "-e" "CARGO_INCREMENTAL=0" "-e" "RUST_BACKTRACE=full" "-e" "RUSTFLAGS=--cap-lints=forbid" "-e" "RUSTDOCFLAGS=--cap-lints=forbid" "-e" "CARGO_HOME=/opt/rustwide/cargo-home" "-e" "RUSTUP_HOME=/opt/rustwide/rustup-home" "-w" "/opt/rustwide/workdir" "-m" "1610612736" "--user" "0:0" "--network" "none" "ghcr.io/rust-lang/crates-build-env/linux@sha256:19e73879b68f455e41552ea35293514db52ea292d993f571636dbffedb77a1ee" "/opt/rustwide/cargo-home/bin/cargo" "+e6e4f7ed1589e03bc2f6c5931c1a72e7947e8682" "check" "--frozen" "--all" "--all-targets" "--message-format=json", kill_on_drop: false }`
[INFO] [stdout] 731b3579f26ea2d69710d771334dd0380c02d1d233c96739821a9c78583f8fd5
[INFO] running `Command { std: "docker" "start" "-a" "731b3579f26ea2d69710d771334dd0380c02d1d233c96739821a9c78583f8fd5", kill_on_drop: false }`
[INFO] [stderr]     Checking unique-type v0.1.0 (/opt/rustwide/workdir)
[INFO] [stdout] warning: the feature `adt_const_params` is incomplete and may not be safe to use and/or cause compiler crashes
[INFO] [stdout]   --> src/lib.rs:59:12
[INFO] [stdout]    |
[INFO] [stdout] 59 | #![feature(adt_const_params)]
[INFO] [stdout]    |            ^^^^^^^^^^^^^^^^
[INFO] [stdout]    |
[INFO] [stdout]    = note: see issue #95174 <https://github.com/rust-lang/rust/issues/95174> for more information
[INFO] [stdout]    = note: `#[warn(incomplete_features)]` on by default
[INFO] [stdout] 
[INFO] [stdout] 
[INFO] [stdout] warning: the feature `adt_const_params` is incomplete and may not be safe to use and/or cause compiler crashes
[INFO] [stdout]   --> src/lib.rs:59:12
[INFO] [stdout]    |
[INFO] [stdout] 59 | #![feature(adt_const_params)]
[INFO] [stdout]    |            ^^^^^^^^^^^^^^^^
[INFO] [stdout]    |
[INFO] [stdout]    = note: see issue #95174 <https://github.com/rust-lang/rust/issues/95174> for more information
[INFO] [stdout]    = note: `#[warn(incomplete_features)]` on by default
[INFO] [stdout] 
[INFO] [stdout] 
[INFO] [stdout] error[E0741]: `TypeId` must be annotated with `#[derive(PartialEq, Eq)]` to be used as the type of a const parameter
[INFO] [stdout]    --> src/lib.rs:123:30
[INFO] [stdout]     |
[INFO] [stdout] 123 | pub struct Template<const T: Set>(());
[INFO] [stdout]     |                              ^^^
[INFO] [stdout] 
[INFO] [stdout] 
[INFO] [stdout] error[E0741]: `TypeId` must be annotated with `#[derive(PartialEq, Eq)]` to be used as the type of a const parameter
[INFO] [stdout]    --> src/lib.rs:125:15
[INFO] [stdout]     |
[INFO] [stdout] 125 | impl<const T: Set> pvt::Unique for Template<T> {}
[INFO] [stdout]     |               ^^^
[INFO] [stdout] 
[INFO] [stdout] 
[INFO] [stdout] error: aborting due to 2 previous errors; 1 warning emitted
[INFO] [stdout] 
[INFO] [stdout] 
[INFO] [stdout] For more information about this error, try `rustc --explain E0741`.
[INFO] [stdout] 
[INFO] [stderr] error: could not compile `unique-type` (lib) due to 3 previous errors; 1 warning emitted
[INFO] [stderr] warning: build failed, waiting for other jobs to finish...
[INFO] [stdout] error[E0741]: `TypeId` must be annotated with `#[derive(PartialEq, Eq)]` to be used as the type of a const parameter
[INFO] [stdout]    --> src/lib.rs:123:30
[INFO] [stdout]     |
[INFO] [stdout] 123 | pub struct Template<const T: Set>(());
[INFO] [stdout]     |                              ^^^
[INFO] [stdout] 
[INFO] [stdout] 
[INFO] [stdout] error[E0741]: `TypeId` must be annotated with `#[derive(PartialEq, Eq)]` to be used as the type of a const parameter
[INFO] [stdout]    --> src/lib.rs:125:15
[INFO] [stdout]     |
[INFO] [stdout] 125 | impl<const T: Set> pvt::Unique for Template<T> {}
[INFO] [stdout]     |               ^^^
[INFO] [stdout] 
[INFO] [stdout] 
[INFO] [stdout] error: aborting due to 2 previous errors; 1 warning emitted
[INFO] [stdout] 
[INFO] [stdout] 
[INFO] [stdout] For more information about this error, try `rustc --explain E0741`.
[INFO] [stdout] 
[INFO] [stderr] error: could not compile `unique-type` (lib test) due to 3 previous errors; 1 warning emitted
[INFO] running `Command { std: "docker" "inspect" "731b3579f26ea2d69710d771334dd0380c02d1d233c96739821a9c78583f8fd5", kill_on_drop: false }`
[INFO] running `Command { std: "docker" "rm" "-f" "731b3579f26ea2d69710d771334dd0380c02d1d233c96739821a9c78583f8fd5", kill_on_drop: false }`
[INFO] [stdout] 731b3579f26ea2d69710d771334dd0380c02d1d233c96739821a9c78583f8fd5
